{"id":677,"date":"2020-01-18T18:14:48","date_gmt":"2020-01-18T17:14:48","guid":{"rendered":"http:\/\/reflexosaintcyr.com\/?page_id=677"},"modified":"2020-01-19T17:32:49","modified_gmt":"2020-01-19T16:32:49","slug":"reflexologie-palmaire","status":"publish","type":"page","link":"https:\/\/reflexosaintcyr.com\/index.php\/reflexologie-palmaire\/","title":{"rendered":"R\u00e9flexologie plantaire"},"content":{"rendered":"\t\t<div data-elementor-type=\"wp-post\" data-elementor-id=\"677\" class=\"elementor elementor-677\">\n\t\t\t\t\t\t<div class=\"elementor-inner\">\n\t\t\t\t<div class=\"elementor-section-wrap\">\n\t\t\t\t\t\t\t\t\t<section class=\"elementor-section elementor-top-section elementor-element elementor-element-bd8d6a4 elementor-section-boxed elementor-section-height-default elementor-section-height-default\" data-id=\"bd8d6a4\" data-element_type=\"section\">\n\t\t\t\t\t\t<div class=\"elementor-container elementor-column-gap-default\">\n\t\t\t\t\t\t\t<div class=\"elementor-row\">\n\t\t\t\t\t<div class=\"elementor-column elementor-col-100 elementor-top-column elementor-element elementor-element-5a7a988\" data-id=\"5a7a988\" data-element_type=\"column\">\n\t\t\t<div class=\"elementor-column-wrap elementor-element-populated\">\n\t\t\t\t\t\t\t<div class=\"elementor-widget-wrap\">\n\t\t\t\t\t\t<div class=\"elementor-element elementor-element-bf35a4c elementor-widget elementor-widget-heading\" data-id=\"bf35a4c\" data-element_type=\"widget\" data-widget_type=\"heading.default\">\n\t\t\t\t<div class=\"elementor-widget-container\">\n\t\t\t<h2 class=\"elementor-heading-title elementor-size-default\">R\u00e9flexologie plantaire<\/h2>\t\t<\/div>\n\t\t\t\t<\/div>\n\t\t\t\t\t\t<\/div>\n\t\t\t\t\t<\/div>\n\t\t<\/div>\n\t\t\t\t\t\t\t\t<\/div>\n\t\t\t\t\t<\/div>\n\t\t<\/section>\n\t\t\t\t<section class=\"elementor-section elementor-top-section elementor-element elementor-element-55d5269 elementor-section-boxed elementor-section-height-default elementor-section-height-default\" data-id=\"55d5269\" data-element_type=\"section\">\n\t\t\t\t\t\t<div class=\"elementor-container elementor-column-gap-default\">\n\t\t\t\t\t\t\t<div class=\"elementor-row\">\n\t\t\t\t\t<div class=\"elementor-column elementor-col-33 elementor-top-column elementor-element elementor-element-c277fec\" data-id=\"c277fec\" data-element_type=\"column\">\n\t\t\t<div class=\"elementor-column-wrap elementor-element-populated\">\n\t\t\t\t\t\t\t<div class=\"elementor-widget-wrap\">\n\t\t\t\t\t\t<div class=\"elementor-element elementor-element-b9f0147 elementor-widget elementor-widget-text-editor\" data-id=\"b9f0147\" data-element_type=\"widget\" data-widget_type=\"text-editor.default\">\n\t\t\t\t<div class=\"elementor-widget-container\">\n\t\t\t\t\t\t\t\t<div class=\"elementor-text-editor elementor-clearfix\">\n\t\t\t\t<p><strong>La r\u00e9flexologie plantaire<\/strong> est une technique manuelle de pression sur des zones r\u00e9flexes des pieds qui correspondent aux diff\u00e9rents organes et parties du corps.<\/p><p>C\u2019est une forme d\u2019acupressure qui apporte des am\u00e9liorations physiologiques et stimule les d\u00e9fenses naturelles du corps.<\/p><p>Cette technique permet de travailler en profondeur pour obtenir des r\u00e9sultats durables et significatifs.<\/p><p>Gr\u00e2ce \u00e0 diff\u00e9rentes techniques de toucher nous allons pouvoir venir ressentir les zones sous tension et les stimuler afin d\u2019envoyer un message via le syst\u00e8me nerveux dans le but d\u2019\u00e9quilibrer la fonction de l\u2019organe correspondant \u00e0 la zone stimul\u00e9e.<\/p>\t\t\t\t\t<\/div>\n\t\t\t\t\t\t<\/div>\n\t\t\t\t<\/div>\n\t\t\t\t\t\t<\/div>\n\t\t\t\t\t<\/div>\n\t\t<\/div>\n\t\t\t\t<div class=\"elementor-column elementor-col-33 elementor-top-column elementor-element elementor-element-8541e05\" data-id=\"8541e05\" data-element_type=\"column\">\n\t\t\t<div class=\"elementor-column-wrap\">\n\t\t\t\t\t\t\t<div class=\"elementor-widget-wrap\">\n\t\t\t\t\t\t\t\t<\/div>\n\t\t\t\t\t<\/div>\n\t\t<\/div>\n\t\t\t\t<div class=\"elementor-column elementor-col-33 elementor-top-column elementor-element elementor-element-5530ec2\" data-id=\"5530ec2\" data-element_type=\"column\">\n\t\t\t<div class=\"elementor-column-wrap elementor-element-populated\">\n\t\t\t\t\t\t\t<div class=\"elementor-widget-wrap\">\n\t\t\t\t\t\t<div class=\"elementor-element elementor-element-babc982 elementor-widget elementor-widget-image\" data-id=\"babc982\" data-element_type=\"widget\" data-widget_type=\"image.default\">\n\t\t\t\t<div class=\"elementor-widget-container\">\n\t\t\t\t\t\t\t\t<div class=\"elementor-image\">\n\t\t\t\t\t\t\t\t\t\t\t\t<img decoding=\"async\" width=\"594\" height=\"392\" src=\"https:\/\/reflexosaintcyr.com\/wp-content\/uploads\/2019\/05\/PLANTAIRE_HISTO-1.png\" class=\"attachment-large size-large wp-image-499\" alt=\"\" loading=\"lazy\" srcset=\"https:\/\/reflexosaintcyr.com\/wp-content\/uploads\/2019\/05\/PLANTAIRE_HISTO-1.png 594w, https:\/\/reflexosaintcyr.com\/wp-content\/uploads\/2019\/05\/PLANTAIRE_HISTO-1-300x198.png 300w\" sizes=\"(max-width: 594px) 100vw, 594px\" \/>\t\t\t\t\t\t\t\t\t\t\t\t\t\t<\/div>\n\t\t\t\t\t\t<\/div>\n\t\t\t\t<\/div>\n\t\t\t\t\t\t<\/div>\n\t\t\t\t\t<\/div>\n\t\t<\/div>\n\t\t\t\t\t\t\t\t<\/div>\n\t\t\t\t\t<\/div>\n\t\t<\/section>\n\t\t\t\t\t\t\t\t\t<\/div>\n\t\t\t<\/div>\n\t\t\t\t\t<\/div>\n\t\t","protected":false},"excerpt":{"rendered":"<p>R\u00e9flexologie plantaire La r\u00e9flexologie plantaire est une technique manuelle de pression sur des zones r\u00e9flexes des pieds qui correspondent aux diff\u00e9rents organes et parties du corps. C\u2019est une forme d\u2019acupressure qui apporte des am\u00e9liorations physiologiques et stimule les d\u00e9fenses naturelles du corps. Cette technique permet de travailler en profondeur pour obtenir des r\u00e9sultats durables et [&hellip;]<\/p>\n","protected":false},"author":1,"featured_media":0,"parent":0,"menu_order":0,"comment_status":"closed","ping_status":"closed","template":"","meta":{"_monsterinsights_skip_tracking":false,"_monsterinsights_sitenote_active":false,"_monsterinsights_sitenote_note":"","_monsterinsights_sitenote_category":0},"aioseo_notices":[],"_links":{"self":[{"href":"https:\/\/reflexosaintcyr.com\/index.php\/wp-json\/wp\/v2\/pages\/677"}],"collection":[{"href":"https:\/\/reflexosaintcyr.com\/index.php\/wp-json\/wp\/v2\/pages"}],"about":[{"href":"https:\/\/reflexosaintcyr.com\/index.php\/wp-json\/wp\/v2\/types\/page"}],"author":[{"embeddable":true,"href":"https:\/\/reflexosaintcyr.com\/index.php\/wp-json\/wp\/v2\/users\/1"}],"replies":[{"embeddable":true,"href":"https:\/\/reflexosaintcyr.com\/index.php\/wp-json\/wp\/v2\/comments?post=677"}],"version-history":[{"count":6,"href":"https:\/\/reflexosaintcyr.com\/index.php\/wp-json\/wp\/v2\/pages\/677\/revisions"}],"predecessor-version":[{"id":707,"href":"https:\/\/reflexosaintcyr.com\/index.php\/wp-json\/wp\/v2\/pages\/677\/revisions\/707"}],"wp:attachment":[{"href":"https:\/\/reflexosaintcyr.com\/index.php\/wp-json\/wp\/v2\/media?parent=677"}],"curies":[{"name":"wp","href":"https:\/\/api.w.org\/{rel}","templated":true}]}}