{"id":672,"date":"2020-01-18T18:06:05","date_gmt":"2020-01-18T17:06:05","guid":{"rendered":"http:\/\/reflexosaintcyr.com\/?page_id=672"},"modified":"2020-01-19T17:38:18","modified_gmt":"2020-01-19T16:38:18","slug":"reflexologie-faciale","status":"publish","type":"page","link":"https:\/\/reflexosaintcyr.com\/index.php\/reflexologie-faciale\/","title":{"rendered":"R\u00e9flexologie faciale"},"content":{"rendered":"\t\t<div data-elementor-type=\"wp-post\" data-elementor-id=\"672\" class=\"elementor elementor-672\">\n\t\t\t\t\t\t<div class=\"elementor-inner\">\n\t\t\t\t<div class=\"elementor-section-wrap\">\n\t\t\t\t\t\t\t\t\t<section class=\"elementor-section elementor-top-section elementor-element elementor-element-bb93539 elementor-section-boxed elementor-section-height-default elementor-section-height-default\" data-id=\"bb93539\" data-element_type=\"section\">\n\t\t\t\t\t\t<div class=\"elementor-container elementor-column-gap-default\">\n\t\t\t\t\t\t\t<div class=\"elementor-row\">\n\t\t\t\t\t<div class=\"elementor-column elementor-col-100 elementor-top-column elementor-element elementor-element-a58ecc8\" data-id=\"a58ecc8\" data-element_type=\"column\">\n\t\t\t<div class=\"elementor-column-wrap elementor-element-populated\">\n\t\t\t\t\t\t\t<div class=\"elementor-widget-wrap\">\n\t\t\t\t\t\t<div class=\"elementor-element elementor-element-5ad49af elementor-widget elementor-widget-heading\" data-id=\"5ad49af\" data-element_type=\"widget\" data-widget_type=\"heading.default\">\n\t\t\t\t<div class=\"elementor-widget-container\">\n\t\t\t<h2 class=\"elementor-heading-title elementor-size-default\">R\u00e9flexologie faciale<\/h2>\t\t<\/div>\n\t\t\t\t<\/div>\n\t\t\t\t\t\t<\/div>\n\t\t\t\t\t<\/div>\n\t\t<\/div>\n\t\t\t\t\t\t\t\t<\/div>\n\t\t\t\t\t<\/div>\n\t\t<\/section>\n\t\t\t\t<section class=\"elementor-section elementor-top-section elementor-element elementor-element-7bf433e elementor-section-boxed elementor-section-height-default elementor-section-height-default\" data-id=\"7bf433e\" data-element_type=\"section\">\n\t\t\t\t\t\t<div class=\"elementor-container elementor-column-gap-default\">\n\t\t\t\t\t\t\t<div class=\"elementor-row\">\n\t\t\t\t\t<div class=\"elementor-column elementor-col-33 elementor-top-column elementor-element elementor-element-c120b37\" data-id=\"c120b37\" data-element_type=\"column\">\n\t\t\t<div class=\"elementor-column-wrap elementor-element-populated\">\n\t\t\t\t\t\t\t<div class=\"elementor-widget-wrap\">\n\t\t\t\t\t\t<div class=\"elementor-element elementor-element-58a69ca elementor-widget elementor-widget-text-editor\" data-id=\"58a69ca\" data-element_type=\"widget\" data-widget_type=\"text-editor.default\">\n\t\t\t\t<div class=\"elementor-widget-container\">\n\t\t\t\t\t\t\t\t<div class=\"elementor-text-editor elementor-clearfix\">\n\t\t\t\t<p>La r\u00e9flexologie faciale a \u00e9t\u00e9 formalis\u00e9e dans les ann\u00e9es 70 par le professeur Bui Quoc Chau qui est un m\u00e9decin acuponcteur au Vietnam.<\/p><p>Cette m\u00e9thode \u00e9tait dans un premier temps pratiqu\u00e9e avec des aiguilles et appel\u00e9e Dien Cham et a \u00e9volu\u00e9 vers une technique manuelle avec des outils appel\u00e9e Dien Chan, afin qu&rsquo;elle soit accessible au plus grand nombre.<\/p><p><br \/>Il a d\u00e9couvert que gr\u00e2ce \u00e0 des outils sp\u00e9cifiques, il pouvait \u00e9galement activer le potentiel d\u2019auto-r\u00e9gulation du corps. Cette technique consiste \u00e0 venir stimuler des zones r\u00e9flexes et des points situ\u00e9s sur le visage, sur lequel le corps est repr\u00e9sent\u00e9 sous forme de diff\u00e9rents sch\u00e9mas. Elle permet d\u2019obtenir des r\u00e9sultats rapides notamment pour soulager les douleurs aigu\u00ebs.<\/p>\t\t\t\t\t<\/div>\n\t\t\t\t\t\t<\/div>\n\t\t\t\t<\/div>\n\t\t\t\t\t\t<\/div>\n\t\t\t\t\t<\/div>\n\t\t<\/div>\n\t\t\t\t<div class=\"elementor-column elementor-col-33 elementor-top-column elementor-element elementor-element-b65726f\" data-id=\"b65726f\" data-element_type=\"column\">\n\t\t\t<div class=\"elementor-column-wrap\">\n\t\t\t\t\t\t\t<div class=\"elementor-widget-wrap\">\n\t\t\t\t\t\t\t\t<\/div>\n\t\t\t\t\t<\/div>\n\t\t<\/div>\n\t\t\t\t<div class=\"elementor-column elementor-col-33 elementor-top-column elementor-element elementor-element-64e1a30\" data-id=\"64e1a30\" data-element_type=\"column\">\n\t\t\t<div class=\"elementor-column-wrap elementor-element-populated\">\n\t\t\t\t\t\t\t<div class=\"elementor-widget-wrap\">\n\t\t\t\t\t\t<div class=\"elementor-element elementor-element-8e464a5 elementor-widget elementor-widget-image\" data-id=\"8e464a5\" data-element_type=\"widget\" data-widget_type=\"image.default\">\n\t\t\t\t<div class=\"elementor-widget-container\">\n\t\t\t\t\t\t\t\t<div class=\"elementor-image\">\n\t\t\t\t\t\t\t\t\t\t\t\t<img decoding=\"async\" width=\"453\" height=\"641\" src=\"https:\/\/reflexosaintcyr.com\/wp-content\/uploads\/2019\/05\/dien_chan.png\" class=\"attachment-medium_large size-medium_large wp-image-176\" alt=\"\" loading=\"lazy\" srcset=\"https:\/\/reflexosaintcyr.com\/wp-content\/uploads\/2019\/05\/dien_chan.png 453w, https:\/\/reflexosaintcyr.com\/wp-content\/uploads\/2019\/05\/dien_chan-212x300.png 212w\" sizes=\"(max-width: 453px) 100vw, 453px\" \/>\t\t\t\t\t\t\t\t\t\t\t\t\t\t<\/div>\n\t\t\t\t\t\t<\/div>\n\t\t\t\t<\/div>\n\t\t\t\t\t\t<\/div>\n\t\t\t\t\t<\/div>\n\t\t<\/div>\n\t\t\t\t\t\t\t\t<\/div>\n\t\t\t\t\t<\/div>\n\t\t<\/section>\n\t\t\t\t\t\t\t\t\t<\/div>\n\t\t\t<\/div>\n\t\t\t\t\t<\/div>\n\t\t","protected":false},"excerpt":{"rendered":"<p>R\u00e9flexologie faciale La r\u00e9flexologie faciale a \u00e9t\u00e9 formalis\u00e9e dans les ann\u00e9es 70 par le professeur Bui Quoc Chau qui est un m\u00e9decin acuponcteur au Vietnam. Cette m\u00e9thode \u00e9tait dans un premier temps pratiqu\u00e9e avec des aiguilles et appel\u00e9e Dien Cham et a \u00e9volu\u00e9 vers une technique manuelle avec des outils appel\u00e9e Dien Chan, afin qu&rsquo;elle [&hellip;]<\/p>\n","protected":false},"author":1,"featured_media":0,"parent":0,"menu_order":0,"comment_status":"closed","ping_status":"closed","template":"","meta":{"_monsterinsights_skip_tracking":false,"_monsterinsights_sitenote_active":false,"_monsterinsights_sitenote_note":"","_monsterinsights_sitenote_category":0},"aioseo_notices":[],"_links":{"self":[{"href":"https:\/\/reflexosaintcyr.com\/index.php\/wp-json\/wp\/v2\/pages\/672"}],"collection":[{"href":"https:\/\/reflexosaintcyr.com\/index.php\/wp-json\/wp\/v2\/pages"}],"about":[{"href":"https:\/\/reflexosaintcyr.com\/index.php\/wp-json\/wp\/v2\/types\/page"}],"author":[{"embeddable":true,"href":"https:\/\/reflexosaintcyr.com\/index.php\/wp-json\/wp\/v2\/users\/1"}],"replies":[{"embeddable":true,"href":"https:\/\/reflexosaintcyr.com\/index.php\/wp-json\/wp\/v2\/comments?post=672"}],"version-history":[{"count":3,"href":"https:\/\/reflexosaintcyr.com\/index.php\/wp-json\/wp\/v2\/pages\/672\/revisions"}],"predecessor-version":[{"id":709,"href":"https:\/\/reflexosaintcyr.com\/index.php\/wp-json\/wp\/v2\/pages\/672\/revisions\/709"}],"wp:attachment":[{"href":"https:\/\/reflexosaintcyr.com\/index.php\/wp-json\/wp\/v2\/media?parent=672"}],"curies":[{"name":"wp","href":"https:\/\/api.w.org\/{rel}","templated":true}]}}

Réflexologie faciale

<div data-elementor-type="wp-post" data-elementor-id="672" class="elementor elementor-672">
						<div class="elementor-inner">
				<div class="elementor-section-wrap">
									<section class="elementor-section elementor-top-section elementor-element elementor-element-bb93539 elementor-section-boxed elementor-section-height-default elementor-section-height-default" data-id="bb93539" data-element_type="section">
						<div class="elementor-container elementor-column-gap-default">
							<div class="elementor-row">
					<div class="elementor-column elementor-col-100 elementor-top-column elementor-element elementor-element-a58ecc8" data-id="a58ecc8" data-element_type="column">
			<div class="elementor-column-wrap elementor-element-populated">
							<div class="elementor-widget-wrap">
						<div class="elementor-element elementor-element-5ad49af elementor-widget elementor-widget-heading" data-id="5ad49af" data-element_type="widget" data-widget_type="heading.default">
				<div class="elementor-widget-container">
			<h2 class="elementor-heading-title elementor-size-default">Réflexologie faciale</h2>		</div>
				</div>
						</div>
					</div>
		</div>
								</div>
					</div>
		</section>
				<section class="elementor-section elementor-top-section elementor-element elementor-element-7bf433e elementor-section-boxed elementor-section-height-default elementor-section-height-default" data-id="7bf433e" data-element_type="section">
						<div class="elementor-container elementor-column-gap-default">
							<div class="elementor-row">
					<div class="elementor-column elementor-col-33 elementor-top-column elementor-element elementor-element-c120b37" data-id="c120b37" data-element_type="column">
			<div class="elementor-column-wrap elementor-element-populated">
							<div class="elementor-widget-wrap">
						<div class="elementor-element elementor-element-58a69ca elementor-widget elementor-widget-text-editor" data-id="58a69ca" data-element_type="widget" data-widget_type="text-editor.default">
				<div class="elementor-widget-container">
								<div class="elementor-text-editor elementor-clearfix">
				<p>La réflexologie faciale a été formalisée dans les années 70 par le professeur Bui Quoc Chau qui est un médecin acuponcteur au Vietnam.</p><p>Cette méthode était dans un premier temps pratiquée avec des aiguilles et appelée Dien Cham et a évolué vers une technique manuelle avec des outils appelée Dien Chan, afin qu&rsquo;elle soit accessible au plus grand nombre.</p><p><br />Il a découvert que grâce à des outils spécifiques, il pouvait également activer le potentiel d’auto-régulation du corps. Cette technique consiste à venir stimuler des zones réflexes et des points situés sur le visage, sur lequel le corps est représenté sous forme de différents schémas. Elle permet d’obtenir des résultats rapides notamment pour soulager les douleurs aiguës.</p>					</div>
						</div>
				</div>
						</div>
					</div>
		</div>
				<div class="elementor-column elementor-col-33 elementor-top-column elementor-element elementor-element-b65726f" data-id="b65726f" data-element_type="column">
			<div class="elementor-column-wrap">
							<div class="elementor-widget-wrap">
								</div>
					</div>
		</div>
				<div class="elementor-column elementor-col-33 elementor-top-column elementor-element elementor-element-64e1a30" data-id="64e1a30" data-element_type="column">
			<div class="elementor-column-wrap elementor-element-populated">
							<div class="elementor-widget-wrap">
						<div class="elementor-element elementor-element-8e464a5 elementor-widget elementor-widget-image" data-id="8e464a5" data-element_type="widget" data-widget_type="image.default">
				<div class="elementor-widget-container">
								<div class="elementor-image">
												<img decoding="async" width="453" height="641" src="https://reflexosaintcyr.com/wp-content/uploads/2019/05/dien_chan.png" class="attachment-medium_large size-medium_large wp-image-176" alt="" loading="lazy" srcset="https://reflexosaintcyr.com/wp-content/uploads/2019/05/dien_chan.png 453w, https://reflexosaintcyr.com/wp-content/uploads/2019/05/dien_chan-212x300.png 212w" sizes="(max-width: 453px) 100vw, 453px" />														</div>
						</div>
				</div>
						</div>
					</div>
		</div>
								</div>
					</div>
		</section>
									</div>
			</div>
					</div>

<p>Réflexologie faciale La réflexologie faciale a été formalisée dans les années 70 par le professeur Bui Quoc Chau qui est un médecin acuponcteur au Vietnam. Cette méthode était dans un premier temps pratiquée avec des aiguilles et appelée Dien Cham et a évolué vers une technique manuelle avec des outils appelée Dien Chan, afin qu&rsquo;elle [&hellip;]</p>
