{"id":615,"date":"2020-01-18T12:56:37","date_gmt":"2020-01-18T11:56:37","guid":{"rendered":"http:\/\/reflexosaintcyr.com\/?page_id=615"},"modified":"2023-06-09T11:01:30","modified_gmt":"2023-06-09T09:01:30","slug":"qui-suis-je-2","status":"publish","type":"page","link":"https:\/\/reflexosaintcyr.com\/index.php\/qui-suis-je-2\/","title":{"rendered":"Qui suis je ?"},"content":{"rendered":"\t\t<div data-elementor-type=\"wp-post\" data-elementor-id=\"615\" class=\"elementor elementor-615\">\n\t\t\t\t\t\t<div class=\"elementor-inner\">\n\t\t\t\t<div class=\"elementor-section-wrap\">\n\t\t\t\t\t\t\t\t\t<section class=\"elementor-section elementor-top-section elementor-element elementor-element-365f148 elementor-section-boxed elementor-section-height-default elementor-section-height-default\" data-id=\"365f148\" data-element_type=\"section\">\n\t\t\t\t\t\t<div class=\"elementor-container elementor-column-gap-default\">\n\t\t\t\t\t\t\t<div class=\"elementor-row\">\n\t\t\t\t\t<div class=\"elementor-column elementor-col-100 elementor-top-column elementor-element elementor-element-fd1fb72\" data-id=\"fd1fb72\" data-element_type=\"column\">\n\t\t\t<div class=\"elementor-column-wrap elementor-element-populated\">\n\t\t\t\t\t\t\t<div class=\"elementor-widget-wrap\">\n\t\t\t\t\t\t<div class=\"elementor-element elementor-element-a1bc78b elementor-widget elementor-widget-heading\" data-id=\"a1bc78b\" data-element_type=\"widget\" data-widget_type=\"heading.default\">\n\t\t\t\t<div class=\"elementor-widget-container\">\n\t\t\t<h2 class=\"elementor-heading-title elementor-size-default\">Mon parcours<\/h2>\t\t<\/div>\n\t\t\t\t<\/div>\n\t\t\t\t\t\t<\/div>\n\t\t\t\t\t<\/div>\n\t\t<\/div>\n\t\t\t\t\t\t\t\t<\/div>\n\t\t\t\t\t<\/div>\n\t\t<\/section>\n\t\t\t\t<section class=\"elementor-section elementor-top-section elementor-element elementor-element-72c17e3 elementor-section-boxed elementor-section-height-default elementor-section-height-default\" data-id=\"72c17e3\" data-element_type=\"section\">\n\t\t\t\t\t\t<div class=\"elementor-container elementor-column-gap-default\">\n\t\t\t\t\t\t\t<div class=\"elementor-row\">\n\t\t\t\t\t<div class=\"elementor-column elementor-col-66 elementor-top-column elementor-element elementor-element-b499a58\" data-id=\"b499a58\" data-element_type=\"column\">\n\t\t\t<div class=\"elementor-column-wrap elementor-element-populated\">\n\t\t\t\t\t\t\t<div class=\"elementor-widget-wrap\">\n\t\t\t\t\t\t<div class=\"elementor-element elementor-element-eb6e64f elementor-widget elementor-widget-text-editor\" data-id=\"eb6e64f\" data-element_type=\"widget\" data-widget_type=\"text-editor.default\">\n\t\t\t\t<div class=\"elementor-widget-container\">\n\t\t\t\t\t\t\t\t<div class=\"elementor-text-editor elementor-clearfix\">\n\t\t\t\t<p>La\u00a0r\u00e9flexologie est <strong>mon deuxi\u00e8me m\u00e9tier<\/strong>. Apr\u00e8s avoir obtenu in DESS en Informatique, j&rsquo;ai travaill\u00e9 dans l\u2019\u00e9dition de logiciel pendant plus de 20 ans.\u00a0<\/p><p>Depuis quelques ann\u00e9es, j\u2019avais envie de pratiquer un m\u00e9tier qui me corresponde, en accord avec mes convictions. Je me suis tourn\u00e9e vers la r\u00e9flexologie ne connaissant pas l\u2019\u00e9tendue des possibilit\u00e9s de cette pratique.<\/p><p>Ce parcours fait qu\u2019aujourd\u2019hui, je suis une\u00a0r\u00e9flexologue enthousiaste, qui cherche \u00e0 s\u2019am\u00e9liorer de jour en jour en pratiquant en collaboration avec des soignants et en gardant les pieds sur terre !<\/p>\t\t\t\t\t<\/div>\n\t\t\t\t\t\t<\/div>\n\t\t\t\t<\/div>\n\t\t\t\t\t\t<\/div>\n\t\t\t\t\t<\/div>\n\t\t<\/div>\n\t\t\t\t<div class=\"elementor-column elementor-col-33 elementor-top-column elementor-element elementor-element-64eb6c3\" data-id=\"64eb6c3\" data-element_type=\"column\">\n\t\t\t<div class=\"elementor-column-wrap elementor-element-populated\">\n\t\t\t\t\t\t\t<div class=\"elementor-widget-wrap\">\n\t\t\t\t\t\t<div class=\"elementor-element elementor-element-9f6efbd elementor-widget elementor-widget-image\" data-id=\"9f6efbd\" data-element_type=\"widget\" data-widget_type=\"image.default\">\n\t\t\t\t<div class=\"elementor-widget-container\">\n\t\t\t\t\t\t\t\t<div class=\"elementor-image\">\n\t\t\t\t\t\t\t\t\t\t\t\t<img decoding=\"async\" src=\"https:\/\/reflexosaintcyr.com\/wp-content\/uploads\/2019\/05\/c\u00e9lineClose.jpg\" title=\"c\u00e9lineClose\" alt=\"c\u00e9lineClose\" loading=\"lazy\" \/>\t\t\t\t\t\t\t\t\t\t\t\t\t\t<\/div>\n\t\t\t\t\t\t<\/div>\n\t\t\t\t<\/div>\n\t\t\t\t\t\t<\/div>\n\t\t\t\t\t<\/div>\n\t\t<\/div>\n\t\t\t\t\t\t\t\t<\/div>\n\t\t\t\t\t<\/div>\n\t\t<\/section>\n\t\t\t\t<section class=\"elementor-section elementor-top-section elementor-element elementor-element-64614f6 elementor-section-boxed elementor-section-height-default elementor-section-height-default\" data-id=\"64614f6\" data-element_type=\"section\">\n\t\t\t\t\t\t<div class=\"elementor-container elementor-column-gap-default\">\n\t\t\t\t\t\t\t<div class=\"elementor-row\">\n\t\t\t\t\t<div class=\"elementor-column elementor-col-100 elementor-top-column elementor-element elementor-element-bc3045f\" data-id=\"bc3045f\" data-element_type=\"column\">\n\t\t\t<div class=\"elementor-column-wrap elementor-element-populated\">\n\t\t\t\t\t\t\t<div class=\"elementor-widget-wrap\">\n\t\t\t\t\t\t<div class=\"elementor-element elementor-element-a796203 elementor-widget elementor-widget-heading\" data-id=\"a796203\" data-element_type=\"widget\" data-widget_type=\"heading.default\">\n\t\t\t\t<div class=\"elementor-widget-container\">\n\t\t\t<h2 class=\"elementor-heading-title elementor-size-default\">Formation initiale<\/h2>\t\t<\/div>\n\t\t\t\t<\/div>\n\t\t\t\t\t\t<\/div>\n\t\t\t\t\t<\/div>\n\t\t<\/div>\n\t\t\t\t\t\t\t\t<\/div>\n\t\t\t\t\t<\/div>\n\t\t<\/section>\n\t\t\t\t<section class=\"elementor-section elementor-top-section elementor-element elementor-element-199635f elementor-section-boxed elementor-section-height-default elementor-section-height-default\" data-id=\"199635f\" data-element_type=\"section\">\n\t\t\t\t\t\t<div class=\"elementor-container elementor-column-gap-default\">\n\t\t\t\t\t\t\t<div class=\"elementor-row\">\n\t\t\t\t\t<div class=\"elementor-column elementor-col-100 elementor-top-column elementor-element elementor-element-a939fe5\" data-id=\"a939fe5\" data-element_type=\"column\">\n\t\t\t<div class=\"elementor-column-wrap elementor-element-populated\">\n\t\t\t\t\t\t\t<div class=\"elementor-widget-wrap\">\n\t\t\t\t\t\t<div class=\"elementor-element elementor-element-89b60ea elementor-widget elementor-widget-spacer\" data-id=\"89b60ea\" data-element_type=\"widget\" data-widget_type=\"spacer.default\">\n\t\t\t\t<div class=\"elementor-widget-container\">\n\t\t\t\t\t<div class=\"elementor-spacer\">\n\t\t\t<div class=\"elementor-spacer-inner\"><\/div>\n\t\t<\/div>\n\t\t\t\t<\/div>\n\t\t\t\t<\/div>\n\t\t\t\t\t\t<\/div>\n\t\t\t\t\t<\/div>\n\t\t<\/div>\n\t\t\t\t\t\t\t\t<\/div>\n\t\t\t\t\t<\/div>\n\t\t<\/section>\n\t\t\t\t<section class=\"elementor-section elementor-top-section elementor-element elementor-element-aaddad6 elementor-section-boxed elementor-section-height-default elementor-section-height-default\" data-id=\"aaddad6\" data-element_type=\"section\">\n\t\t\t\t\t\t<div class=\"elementor-container elementor-column-gap-default\">\n\t\t\t\t\t\t\t<div class=\"elementor-row\">\n\t\t\t\t\t<div class=\"elementor-column elementor-col-33 elementor-top-column elementor-element elementor-element-6310fad\" data-id=\"6310fad\" data-element_type=\"column\">\n\t\t\t<div class=\"elementor-column-wrap elementor-element-populated\">\n\t\t\t\t\t\t\t<div class=\"elementor-widget-wrap\">\n\t\t\t\t\t\t<div class=\"elementor-element elementor-element-d1a76ad elementor-widget elementor-widget-image\" data-id=\"d1a76ad\" data-element_type=\"widget\" data-widget_type=\"image.default\">\n\t\t\t\t<div class=\"elementor-widget-container\">\n\t\t\t\t\t\t\t\t<div class=\"elementor-image\">\n\t\t\t\t\t\t\t\t\t\t\t\t<img decoding=\"async\" width=\"150\" height=\"150\" src=\"https:\/\/reflexosaintcyr.com\/wp-content\/uploads\/2019\/05\/REF.png\" class=\"attachment-large size-large wp-image-179\" alt=\"\" loading=\"lazy\" \/>\t\t\t\t\t\t\t\t\t\t\t\t\t\t<\/div>\n\t\t\t\t\t\t<\/div>\n\t\t\t\t<\/div>\n\t\t\t\t\t\t<\/div>\n\t\t\t\t\t<\/div>\n\t\t<\/div>\n\t\t\t\t<div class=\"elementor-column elementor-col-66 elementor-top-column elementor-element elementor-element-2568cd9\" data-id=\"2568cd9\" data-element_type=\"column\">\n\t\t\t<div class=\"elementor-column-wrap elementor-element-populated\">\n\t\t\t\t\t\t\t<div class=\"elementor-widget-wrap\">\n\t\t\t\t\t\t<div class=\"elementor-element elementor-element-792d10c elementor-widget elementor-widget-text-editor\" data-id=\"792d10c\" data-element_type=\"widget\" data-widget_type=\"text-editor.default\">\n\t\t\t\t<div class=\"elementor-widget-container\">\n\t\t\t\t\t\t\t\t<div class=\"elementor-text-editor elementor-clearfix\">\n\t\t\t\t<p>Je suis dipl\u00f4m\u00e9e de l\u2019\u00e9cole <strong>REF Formation <\/strong>(formation sur 1 an 1\/2 entre 2017 et 2019.<br \/>La formation a eu lieu au GLEM (Groupement Lyonnais d\u2019Etudes M\u00e9dicales).<\/p><p class=\"has-text-color has-luminous-vivid-orange-color\"><strong>Intervenants<\/strong><\/p><p><strong>Christine BRETIN<\/strong> (Directrice de REF Formation) intervenant en r\u00e9flexologies faciale, plantaire, palmaire, auriculaire et r\u00e9flexologie combin\u00e9e<\/p><p><b>Lilian GAUTHERON <\/b>(R\u00e9flexologue ) intervenant en r\u00e9flexologies plantaire et palmaire<\/p><p><strong>Martin DELAPLACE<\/strong> (M\u00e9decin G\u00e9n\u00e9raliste, Auriculoth\u00e9rapeute) intervenant en r\u00e9flexologie auriculaire<\/p><p><strong>Claire-Marie RANGON<\/strong> (Neurop\u00e9diatre \u2013 DIU d\u2019auriculoth\u00e9rapie de Paris) intervenant en r\u00e9flexologie auriculaire<\/p><p><strong>Jean-Jacques AZOULAY<\/strong> (Chirurgien Orthop\u00e9diste) intervenant en anatomie, physiologie<\/p><p><strong>Jean-Marie NOUBIA<\/strong> (Psychologue clinicien) intervenant en communication praticien\/patient (M\u00e9tiers de l\u2019accompagnement non m\u00e9dicamenteux)<\/p><p><strong>Etienne MOUISEL<\/strong> (Ma\u00eetre de conf\u00e9rences \u00e0 Toulouse. Chercheur au laboratoire I2MC (Laboratoire de Recherche sur les Ob\u00e9sit\u00e9s, Institut des Maladies M\u00e9taboliques et Cardiovasculaires) intervenant en physiologie<\/p><p><strong>Anna ROCA<\/strong> (R\u00e9flexologue et M\u00e9decine Traditionnelle Chinoise) introduction \u00e0 la m\u00e9decine chinoise<\/p><p><strong>Cathy BRIQUET<\/strong> (Di\u00e9t\u00e9ticienne DE \u2013 Naturopathe \u2013 R\u00e9flexologue \u2013 Iridologue) intervenant en Iridologie<\/p><p><strong>Alice DREVET<\/strong> (R\u00e9flexologue) Formatrice en r\u00e9flexologie \u00e0 Lyon et Toulouse\u00a0 \u2013 Stages pratiques<strong><br \/><\/strong><\/p>\t\t\t\t\t<\/div>\n\t\t\t\t\t\t<\/div>\n\t\t\t\t<\/div>\n\t\t\t\t\t\t<\/div>\n\t\t\t\t\t<\/div>\n\t\t<\/div>\n\t\t\t\t\t\t\t\t<\/div>\n\t\t\t\t\t<\/div>\n\t\t<\/section>\n\t\t\t\t<section class=\"elementor-section elementor-top-section elementor-element elementor-element-79c1cca elementor-section-boxed elementor-section-height-default elementor-section-height-default\" data-id=\"79c1cca\" data-element_type=\"section\">\n\t\t\t\t\t\t<div class=\"elementor-container elementor-column-gap-default\">\n\t\t\t\t\t\t\t<div class=\"elementor-row\">\n\t\t\t\t\t<div class=\"elementor-column elementor-col-100 elementor-top-column elementor-element elementor-element-636b486\" data-id=\"636b486\" data-element_type=\"column\">\n\t\t\t<div class=\"elementor-column-wrap elementor-element-populated\">\n\t\t\t\t\t\t\t<div class=\"elementor-widget-wrap\">\n\t\t\t\t\t\t<div class=\"elementor-element elementor-element-dfaff40 elementor-widget elementor-widget-heading\" data-id=\"dfaff40\" data-element_type=\"widget\" data-widget_type=\"heading.default\">\n\t\t\t\t<div class=\"elementor-widget-container\">\n\t\t\t<h2 class=\"elementor-heading-title elementor-size-default\">Formations post gradu\u00e9es<\/h2>\t\t<\/div>\n\t\t\t\t<\/div>\n\t\t\t\t\t\t<\/div>\n\t\t\t\t\t<\/div>\n\t\t<\/div>\n\t\t\t\t\t\t\t\t<\/div>\n\t\t\t\t\t<\/div>\n\t\t<\/section>\n\t\t\t\t<section class=\"elementor-section elementor-top-section elementor-element elementor-element-a4aa511 elementor-section-boxed elementor-section-height-default elementor-section-height-default\" data-id=\"a4aa511\" data-element_type=\"section\">\n\t\t\t\t\t\t<div class=\"elementor-container elementor-column-gap-default\">\n\t\t\t\t\t\t\t<div class=\"elementor-row\">\n\t\t\t\t\t<div class=\"elementor-column elementor-col-33 elementor-top-column elementor-element elementor-element-cda9cf3\" data-id=\"cda9cf3\" data-element_type=\"column\">\n\t\t\t<div class=\"elementor-column-wrap\">\n\t\t\t\t\t\t\t<div class=\"elementor-widget-wrap\">\n\t\t\t\t\t\t\t\t<\/div>\n\t\t\t\t\t<\/div>\n\t\t<\/div>\n\t\t\t\t<div class=\"elementor-column elementor-col-66 elementor-top-column elementor-element elementor-element-d359b3d\" data-id=\"d359b3d\" data-element_type=\"column\">\n\t\t\t<div class=\"elementor-column-wrap elementor-element-populated\">\n\t\t\t\t\t\t\t<div class=\"elementor-widget-wrap\">\n\t\t\t\t\t\t<div class=\"elementor-element elementor-element-7d1d61f elementor-widget elementor-widget-text-editor\" data-id=\"7d1d61f\" data-element_type=\"widget\" data-widget_type=\"text-editor.default\">\n\t\t\t\t<div class=\"elementor-widget-container\">\n\t\t\t\t\t\t\t\t<div class=\"elementor-text-editor elementor-clearfix\">\n\t\t\t\t<p><strong>R<\/strong><b>\u00c9FLEXOLOGIE ABDOMINALE ET THORACIQUE: LES DERMALGIES DE JARRICOT<\/b><\/p><p><strong>Lilian GAUTHERON<\/strong> &amp; <strong>Alice DREVET<\/strong>\u00a0 \/ <span id=\"OBJ_PREFIX_DWT60_com_zimbra_date\" class=\"Object\">Juin 2019<\/span><\/p>\t\t\t\t\t<\/div>\n\t\t\t\t\t\t<\/div>\n\t\t\t\t<\/div>\n\t\t\t\t\t\t<\/div>\n\t\t\t\t\t<\/div>\n\t\t<\/div>\n\t\t\t\t\t\t\t\t<\/div>\n\t\t\t\t\t<\/div>\n\t\t<\/section>\n\t\t\t\t<section class=\"elementor-section elementor-top-section elementor-element elementor-element-39e4be6 elementor-section-boxed elementor-section-height-default elementor-section-height-default\" data-id=\"39e4be6\" data-element_type=\"section\">\n\t\t\t\t\t\t<div class=\"elementor-container elementor-column-gap-default\">\n\t\t\t\t\t\t\t<div class=\"elementor-row\">\n\t\t\t\t\t<div class=\"elementor-column elementor-col-33 elementor-top-column elementor-element elementor-element-53455b8\" data-id=\"53455b8\" data-element_type=\"column\">\n\t\t\t<div class=\"elementor-column-wrap\">\n\t\t\t\t\t\t\t<div class=\"elementor-widget-wrap\">\n\t\t\t\t\t\t\t\t<\/div>\n\t\t\t\t\t<\/div>\n\t\t<\/div>\n\t\t\t\t<div class=\"elementor-column elementor-col-66 elementor-top-column elementor-element elementor-element-d09d507\" data-id=\"d09d507\" data-element_type=\"column\">\n\t\t\t<div class=\"elementor-column-wrap elementor-element-populated\">\n\t\t\t\t\t\t\t<div class=\"elementor-widget-wrap\">\n\t\t\t\t\t\t<div class=\"elementor-element elementor-element-b7c1824 elementor-widget elementor-widget-text-editor\" data-id=\"b7c1824\" data-element_type=\"widget\" data-widget_type=\"text-editor.default\">\n\t\t\t\t<div class=\"elementor-widget-container\">\n\t\t\t\t\t\t\t\t<div class=\"elementor-text-editor elementor-clearfix\">\n\t\t\t\t<p><strong>R\u00c9<\/strong><b>FLEXOLOGIE ET AROMATH\u00c9RAPIE<\/b><\/p><p>Les huiles essentielles permettent de booster le soin r\u00e9flexologique physiquement et \u00e9motionnellement.<\/p><p><strong>G\u00e9raldine VIATTE<\/strong> &#8211; Directrice de l&rsquo;\u00e9cole de r\u00e9flexologie <strong>GEDANE<\/strong> en Suisse \/ D\u00e9cembre 2019<\/p>\t\t\t\t\t<\/div>\n\t\t\t\t\t\t<\/div>\n\t\t\t\t<\/div>\n\t\t\t\t\t\t<\/div>\n\t\t\t\t\t<\/div>\n\t\t<\/div>\n\t\t\t\t\t\t\t\t<\/div>\n\t\t\t\t\t<\/div>\n\t\t<\/section>\n\t\t\t\t<section class=\"elementor-section elementor-top-section elementor-element elementor-element-cd1fc34 elementor-section-boxed elementor-section-height-default elementor-section-height-default\" data-id=\"cd1fc34\" data-element_type=\"section\">\n\t\t\t\t\t\t<div class=\"elementor-container elementor-column-gap-default\">\n\t\t\t\t\t\t\t<div class=\"elementor-row\">\n\t\t\t\t\t<div class=\"elementor-column elementor-col-33 elementor-top-column elementor-element elementor-element-cbff00b\" data-id=\"cbff00b\" data-element_type=\"column\">\n\t\t\t<div class=\"elementor-column-wrap\">\n\t\t\t\t\t\t\t<div class=\"elementor-widget-wrap\">\n\t\t\t\t\t\t\t\t<\/div>\n\t\t\t\t\t<\/div>\n\t\t<\/div>\n\t\t\t\t<div class=\"elementor-column elementor-col-66 elementor-top-column elementor-element elementor-element-18fa283\" data-id=\"18fa283\" data-element_type=\"column\">\n\t\t\t<div class=\"elementor-column-wrap elementor-element-populated\">\n\t\t\t\t\t\t\t<div class=\"elementor-widget-wrap\">\n\t\t\t\t\t\t<div class=\"elementor-element elementor-element-0d0279b elementor-widget elementor-widget-text-editor\" data-id=\"0d0279b\" data-element_type=\"widget\" data-widget_type=\"text-editor.default\">\n\t\t\t\t<div class=\"elementor-widget-container\">\n\t\t\t\t\t\t\t\t<div class=\"elementor-text-editor elementor-clearfix\">\n\t\t\t\t<p style=\"font-variant-ligatures: normal; font-variant-caps: normal; font-family: 'Open Sans', sans-serif; font-size: 14px; font-style: normal; font-weight: 400;\"><span style=\"font-size: 14px; font-weight: 600;\">R\u00c9<\/span><span style=\"font-size: 14px; font-weight: bold;\">FLEXOLOGIE DES POINTS TRIGGERS<\/span><\/p><p style=\"font-variant-ligatures: normal; font-variant-caps: normal; font-family: 'Open Sans', sans-serif; font-size: 14px; font-style: normal; font-weight: 400;\"><span style=\"font-size: 14px; font-weight: 600;\">Richard FERRARI<\/span>\u00a0&#8211; Neuroth\u00e9rapie manuelle &#8211; Belgique &#8211; formation \u00e0 Lyon en mars 2021<\/p>\t\t\t\t\t<\/div>\n\t\t\t\t\t\t<\/div>\n\t\t\t\t<\/div>\n\t\t\t\t\t\t<\/div>\n\t\t\t\t\t<\/div>\n\t\t<\/div>\n\t\t\t\t\t\t\t\t<\/div>\n\t\t\t\t\t<\/div>\n\t\t<\/section>\n\t\t\t\t<section class=\"elementor-section elementor-top-section elementor-element elementor-element-f948f36 elementor-section-boxed elementor-section-height-default elementor-section-height-default\" data-id=\"f948f36\" data-element_type=\"section\">\n\t\t\t\t\t\t<div class=\"elementor-container elementor-column-gap-default\">\n\t\t\t\t\t\t\t<div class=\"elementor-row\">\n\t\t\t\t\t<div class=\"elementor-column elementor-col-33 elementor-top-column elementor-element elementor-element-6d81950\" data-id=\"6d81950\" data-element_type=\"column\">\n\t\t\t<div class=\"elementor-column-wrap\">\n\t\t\t\t\t\t\t<div class=\"elementor-widget-wrap\">\n\t\t\t\t\t\t\t\t<\/div>\n\t\t\t\t\t<\/div>\n\t\t<\/div>\n\t\t\t\t<div class=\"elementor-column elementor-col-66 elementor-top-column elementor-element elementor-element-2634663\" data-id=\"2634663\" data-element_type=\"column\">\n\t\t\t<div class=\"elementor-column-wrap elementor-element-populated\">\n\t\t\t\t\t\t\t<div class=\"elementor-widget-wrap\">\n\t\t\t\t\t\t<div class=\"elementor-element elementor-element-e463127 elementor-widget elementor-widget-text-editor\" data-id=\"e463127\" data-element_type=\"widget\" data-widget_type=\"text-editor.default\">\n\t\t\t\t<div class=\"elementor-widget-container\">\n\t\t\t\t\t\t\t\t<div class=\"elementor-text-editor elementor-clearfix\">\n\t\t\t\t<p style=\"font-variant-ligatures: normal; font-variant-caps: normal; font-family: 'Open Sans', sans-serif; font-size: 14px; font-style: normal; font-weight: 400;\"><span style=\"font-size: 14px; font-weight: 600;\">R\u00c9<\/span><span style=\"font-size: 14px; font-weight: bold;\">FLEXOLOGIE DES NERFS : LE STRESS<\/span><\/p><p style=\"font-variant-ligatures: normal; font-variant-caps: normal; font-family: 'Open Sans', sans-serif; font-size: 14px; font-style: normal; font-weight: 400;\">Prise en charge des troubles li\u00e9s au stress par la r\u00e9flexologie des nerfs<\/p><p style=\"font-variant-ligatures: normal; font-variant-caps: normal; font-family: 'Open Sans', sans-serif; font-size: 14px; font-style: normal; font-weight: 400;\"><span style=\"font-size: 14px; font-weight: 600;\">Nico PAULY<\/span>\u00a0&#8211; Neuroth\u00e9rapie manuelle exerce en Belgique &#8211; formation \u00e0 Toulouse en mai 2021<\/p>\t\t\t\t\t<\/div>\n\t\t\t\t\t\t<\/div>\n\t\t\t\t<\/div>\n\t\t\t\t\t\t<\/div>\n\t\t\t\t\t<\/div>\n\t\t<\/div>\n\t\t\t\t\t\t\t\t<\/div>\n\t\t\t\t\t<\/div>\n\t\t<\/section>\n\t\t\t\t\t\t\t\t\t<\/div>\n\t\t\t<\/div>\n\t\t\t\t\t<\/div>\n\t\t","protected":false},"excerpt":{"rendered":"<p>Mon parcours La\u00a0r\u00e9flexologie est mon deuxi\u00e8me m\u00e9tier. Apr\u00e8s avoir obtenu in DESS en Informatique, j&rsquo;ai travaill\u00e9 dans l\u2019\u00e9dition de logiciel pendant plus de 20 ans.\u00a0 Depuis quelques ann\u00e9es, j\u2019avais envie de pratiquer un m\u00e9tier qui me corresponde, en accord avec mes convictions. Je me suis tourn\u00e9e vers la r\u00e9flexologie ne connaissant pas l\u2019\u00e9tendue des possibilit\u00e9s [&hellip;]<\/p>\n","protected":false},"author":1,"featured_media":0,"parent":0,"menu_order":0,"comment_status":"closed","ping_status":"closed","template":"","meta":{"_monsterinsights_skip_tracking":false,"_monsterinsights_sitenote_active":false,"_monsterinsights_sitenote_note":"","_monsterinsights_sitenote_category":0},"aioseo_notices":[],"_links":{"self":[{"href":"https:\/\/reflexosaintcyr.com\/index.php\/wp-json\/wp\/v2\/pages\/615"}],"collection":[{"href":"https:\/\/reflexosaintcyr.com\/index.php\/wp-json\/wp\/v2\/pages"}],"about":[{"href":"https:\/\/reflexosaintcyr.com\/index.php\/wp-json\/wp\/v2\/types\/page"}],"author":[{"embeddable":true,"href":"https:\/\/reflexosaintcyr.com\/index.php\/wp-json\/wp\/v2\/users\/1"}],"replies":[{"embeddable":true,"href":"https:\/\/reflexosaintcyr.com\/index.php\/wp-json\/wp\/v2\/comments?post=615"}],"version-history":[{"count":19,"href":"https:\/\/reflexosaintcyr.com\/index.php\/wp-json\/wp\/v2\/pages\/615\/revisions"}],"predecessor-version":[{"id":755,"href":"https:\/\/reflexosaintcyr.com\/index.php\/wp-json\/wp\/v2\/pages\/615\/revisions\/755"}],"wp:attachment":[{"href":"https:\/\/reflexosaintcyr.com\/index.php\/wp-json\/wp\/v2\/media?parent=615"}],"curies":[{"name":"wp","href":"https:\/\/api.w.org\/{rel}","templated":true}]}}